{"id":73,"date":"2025-05-07T22:12:34","date_gmt":"2025-05-07T20:12:34","guid":{"rendered":"http:\/\/brinseh.cluster021.hosting.ovh.net\/?page_id=73"},"modified":"2026-03-19T22:26:14","modified_gmt":"2026-03-19T21:26:14","slug":"projet-sur-mesure","status":"publish","type":"page","link":"https:\/\/brinsenfolie.be\/index.php\/projet-sur-mesure\/","title":{"rendered":"Ventes &#038; Expositions"},"content":{"rendered":"\t\t<div data-elementor-type=\"wp-page\" data-elementor-id=\"73\" class=\"elementor elementor-73\" data-elementor-post-type=\"page\">\n\t\t\t\t<div class=\"elementor-element elementor-element-9693454 e-flex e-con-boxed e-con e-parent\" data-id=\"9693454\" data-element_type=\"container\">\n\t\t\t\t\t<div class=\"e-con-inner\">\n\t\t\t\t<div class=\"elementor-element elementor-element-1431631 elementor-widget elementor-widget-heading\" data-id=\"1431631\" data-element_type=\"widget\" data-widget_type=\"heading.default\">\n\t\t\t\t<div class=\"elementor-widget-container\">\n\t\t\t\t\t<h2 class=\"elementor-heading-title elementor-size-default\">Dates expositions, ventes et march\u00e9s<\/h2>\t\t\t\t<\/div>\n\t\t\t\t<\/div>\n\t\t\t\t\t<\/div>\n\t\t\t\t<\/div>\n\t\t<div class=\"elementor-element elementor-element-778d087 e-flex e-con-boxed e-con e-parent\" data-id=\"778d087\" data-element_type=\"container\">\n\t\t\t\t\t<div class=\"e-con-inner\">\n\t\t<div class=\"elementor-element elementor-element-6bfc327 e-con-full e-flex e-con e-child\" data-id=\"6bfc327\" data-element_type=\"container\">\n\t\t\t\t<div class=\"elementor-element elementor-element-ac9c3cd elementor-widget elementor-widget-text-editor\" data-id=\"ac9c3cd\" data-element_type=\"widget\" data-widget_type=\"text-editor.default\">\n\t\t\t\t<div class=\"elementor-widget-container\">\n\t\t\t\t\t\t\t\t\t<p><strong>11 &#8211; 12 Avril<\/strong> : Parcourt d&rsquo;Artiste de Chaumont-Gistoux<\/p><p><strong>18 &#8211; 19 avril<\/strong> : Saule au panier \u00e0 Frasnes-lez-Buissenal\u00a0au Pays des Collines<\/p><p><strong>07 juin<\/strong> : portes ouvertes des 40 ans de la p\u00e9pini\u00e8re du Try<\/p>\t\t\t\t\t\t\t\t<\/div>\n\t\t\t\t<\/div>\n\t\t\t\t<\/div>\n\t\t\t\t\t<\/div>\n\t\t\t\t<\/div>\n\t\t<div class=\"elementor-element elementor-element-2d8695a e-flex e-con-boxed e-con e-parent\" data-id=\"2d8695a\" data-element_type=\"container\">\n\t\t\t\t\t<div class=\"e-con-inner\">\n\t\t\t\t<div class=\"elementor-element elementor-element-994e92c elementor-widget-divider--view-line elementor-widget elementor-widget-divider\" data-id=\"994e92c\" data-element_type=\"widget\" data-widget_type=\"divider.default\">\n\t\t\t\t<div class=\"elementor-widget-container\">\n\t\t\t\t\t\t\t<div class=\"elementor-divider\">\n\t\t\t<span class=\"elementor-divider-separator\">\n\t\t\t\t\t\t<\/span>\n\t\t<\/div>\n\t\t\t\t\t\t<\/div>\n\t\t\t\t<\/div>\n\t\t\t\t<div class=\"elementor-element elementor-element-1602674 elementor-widget elementor-widget-heading\" data-id=\"1602674\" data-element_type=\"widget\" data-widget_type=\"heading.default\">\n\t\t\t\t<div class=\"elementor-widget-container\">\n\t\t\t\t\t<h2 class=\"elementor-heading-title elementor-size-default\">Vente \u00e0 l'atelier<\/h2>\t\t\t\t<\/div>\n\t\t\t\t<\/div>\n\t\t<div class=\"elementor-element elementor-element-11b59ed e-con-full e-flex e-con e-child\" data-id=\"11b59ed\" data-element_type=\"container\">\n\t\t\t\t<div class=\"elementor-element elementor-element-a43fb0e elementor-widget elementor-widget-text-editor\" data-id=\"a43fb0e\" data-element_type=\"widget\" data-widget_type=\"text-editor.default\">\n\t\t\t\t<div class=\"elementor-widget-container\">\n\t\t\t\t\t\t\t\t\t<p><span style=\"font-weight: 400;\">Vous pouvez \u00e9galement d\u00e9couvrir mes cr\u00e9ations sur rendez-vous \u00e0 l\u2019atelier. N\u2019h\u00e9sitez pas \u00e0 me contacter pour organiser une visite !<\/span><\/p>\t\t\t\t\t\t\t\t<\/div>\n\t\t\t\t<\/div>\n\t\t\t\t<\/div>\n\t\t\t\t\t<\/div>\n\t\t\t\t<\/div>\n\t\t<div class=\"elementor-element elementor-element-b7dedbd e-flex e-con-boxed e-con e-parent\" data-id=\"b7dedbd\" data-element_type=\"container\">\n\t\t\t\t\t<div class=\"e-con-inner\">\n\t\t\t\t<div class=\"elementor-element elementor-element-74c11d3 elementor-widget-divider--view-line elementor-widget elementor-widget-divider\" data-id=\"74c11d3\" data-element_type=\"widget\" data-widget_type=\"divider.default\">\n\t\t\t\t<div class=\"elementor-widget-container\">\n\t\t\t\t\t\t\t<div class=\"elementor-divider\">\n\t\t\t<span class=\"elementor-divider-separator\">\n\t\t\t\t\t\t<\/span>\n\t\t<\/div>\n\t\t\t\t\t\t<\/div>\n\t\t\t\t<\/div>\n\t\t\t\t<div class=\"elementor-element elementor-element-833eca8 elementor-widget elementor-widget-heading\" data-id=\"833eca8\" data-element_type=\"widget\" data-widget_type=\"heading.default\">\n\t\t\t\t<div class=\"elementor-widget-container\">\n\t\t\t\t\t<h2 class=\"elementor-heading-title elementor-size-default\">Commande - sur mesure - r\u00e9paration<\/h2>\t\t\t\t<\/div>\n\t\t\t\t<\/div>\n\t\t\t\t\t<\/div>\n\t\t\t\t<\/div>\n\t\t<div class=\"elementor-element elementor-element-0eeecb7 e-flex e-con-boxed e-con e-parent\" data-id=\"0eeecb7\" data-element_type=\"container\">\n\t\t\t\t\t<div class=\"e-con-inner\">\n\t\t<div class=\"elementor-element elementor-element-472446b e-con-full e-flex e-con e-child\" data-id=\"472446b\" data-element_type=\"container\">\n\t\t\t\t<div class=\"elementor-element elementor-element-13fd000 elementor-widget elementor-widget-text-editor\" data-id=\"13fd000\" data-element_type=\"widget\" data-widget_type=\"text-editor.default\">\n\t\t\t\t<div class=\"elementor-widget-container\">\n\t\t\t\t\t\t\t\t\t<p>Vous avez une id\u00e9e pr\u00e9cise ou un besoin particulier ? Je r\u00e9alise aussi des objets personnalis\u00e9s, con\u00e7us avec vous, selon vos envies.<\/p>\t\t\t\t\t\t\t\t<\/div>\n\t\t\t\t<\/div>\n\t\t\t\t<\/div>\n\t\t\t\t\t<\/div>\n\t\t\t\t<\/div>\n\t\t\t\t<\/div>\n\t\t","protected":false},"excerpt":{"rendered":"<p>Dates expositions, ventes et march\u00e9s 11 &#8211; 12 Avril : Parcourt d&rsquo;Artiste de Chaumont-Gistoux 18 &#8211; 19 avril : Saule au panier \u00e0 Frasnes-lez-Buissenal\u00a0au Pays des Collines 07 juin : portes ouvertes des 40 ans de la p\u00e9pini\u00e8re du Try Vente \u00e0 l&rsquo;atelier Vous pouvez \u00e9galement d\u00e9couvrir mes cr\u00e9ations sur rendez-vous \u00e0 l\u2019atelier. N\u2019h\u00e9sitez pas [&hellip;]<\/p>\n","protected":false},"author":2,"featured_media":0,"parent":0,"menu_order":4,"comment_status":"closed","ping_status":"closed","template":"elementor_header_footer","meta":{"footnotes":""},"class_list":["post-73","page","type-page","status-publish","hentry"],"_links":{"self":[{"href":"https:\/\/brinsenfolie.be\/index.php\/wp-json\/wp\/v2\/pages\/73","targetHints":{"allow":["GET"]}}],"collection":[{"href":"https:\/\/brinsenfolie.be\/index.php\/wp-json\/wp\/v2\/pages"}],"about":[{"href":"https:\/\/brinsenfolie.be\/index.php\/wp-json\/wp\/v2\/types\/page"}],"author":[{"embeddable":true,"href":"https:\/\/brinsenfolie.be\/index.php\/wp-json\/wp\/v2\/users\/2"}],"replies":[{"embeddable":true,"href":"https:\/\/brinsenfolie.be\/index.php\/wp-json\/wp\/v2\/comments?post=73"}],"version-history":[{"count":71,"href":"https:\/\/brinsenfolie.be\/index.php\/wp-json\/wp\/v2\/pages\/73\/revisions"}],"predecessor-version":[{"id":577,"href":"https:\/\/brinsenfolie.be\/index.php\/wp-json\/wp\/v2\/pages\/73\/revisions\/577"}],"wp:attachment":[{"href":"https:\/\/brinsenfolie.be\/index.php\/wp-json\/wp\/v2\/media?parent=73"}],"curies":[{"name":"wp","href":"https:\/\/api.w.org\/{rel}","templated":true}]}}